te the greatest common factor of 15 and f.
15
Let w(g) = -115*g**3 - 2*g**2 + 1. Let x be w(-1). Let u = x + -54. Let d be 3/3 - (-2 - u). What is the highest common factor of d and 9?
9
Let b(i) be the second derivative of 3*i**3/2 - i**2/2 - 3*i. Let u be b(1). What is the highest common divisor of u and 88?
8
Let c(t) be the second derivative of -t**5/20 + t**4/2 - t**3 + 3*t**2 - t. Let o be c(4). Let h = 28 - 0. What is the highest common factor of h and o?
14
Let y = 3 - 1. Suppose 5*s = -r - 0*r - 7, -3*r + 18 = y*s. Calculate the highest common divisor of 40 and r.
8
Let o = -90 - -155. What is the greatest common divisor of o and 5?
5
Suppose -2*w - 2*w = -756. Calculate the greatest common factor of 21 and w.
21
Let u(r) = r**3 - 7*r + 0*r + 0*r**2 - 7 + 4*r**2. Let f be u(-5). Suppose f*x = 2*x, -3*y - 4*x = -195. Calculate the highest common divisor of y and 13.
13
Suppose -2*v + 40 - 161 = 3*i, -5*v - i - 296 = 0. Suppose 4*z - 11 = 5*z. Let c = z - v. Calculate the highest common divisor of 6 and c.
6
Suppose 5*z - 136 = u, -3*z + 0*z = 0. Let m = u - -240. What is the highest common factor of 13 and m?
13
Let k(f) = -f**3 + 3*f**2 + 4*f - 3. Let v be k(3). Calculate the highest common factor of v and 9.
9
Let w = 60 - 40. Let a = -8 + w. What is the highest common factor of 84 and a?
12
Let k be 1/(-1)*2*-4. Let d = 2 + k. Suppose -2*c + 5*a = -5*c + 30, -a = 4*c - 57. What is the greatest common factor of c and d?
5
Suppose -54 = -8*q + 58. What is the greatest common divisor of 14 and q?
14
Suppose 2*r + 2*r = k + 23, -56 = 4*k - 4*r. Let o = -2 - k. What is the greatest common factor of 9 and o?
9
Let r be 96/(-2)*39/(-26). Calculate the highest common factor of 12 and r.
12
Suppose -2*b + 0*b - 2032 = 0. Let k be 8/(-14) + b/(-14). What is the greatest common factor of k and 9?
9
Let g be 4/4 + 3 + -1. Let q be (-3*g + 3)*-12. Calculate the greatest common factor of 12 and q.
12
Let y be (-4)/18 - (-7)/(-126)*-652. Calculate the greatest common factor of 48 and y.
12
Suppose -8*x + 68 = -4*x. What is the greatest common factor of 68 and x?
17
Let p be (-9)/(-6) + (-105)/(-6). What is the greatest common factor of p and 152?
19
Let x = 6 + 0. What is the greatest common factor of 12 and x?
6
Let k be ((-84)/20)/(1/(-5)). What is the greatest common divisor of 7 and k?
7
Let g(p) = -3*p + 1. Let c be g(-1). Let v be (3 + 17/(-3))*-6. Calculate the highest common factor of c and v.
4
Let u(y) = y**3 + 9*y**2 + 7*y - 4. Let n be u(-6). Let q be (-11)/(-2)*(n + 0). Calculate the greatest common factor of q and 31.
31
Let g = 59 + -33. Calculate the greatest common factor of 104 and g.
26
Suppose 5*o - 3*f + 18 = 0, -4*o + f - 16 = -3*f. Let x be o*-2*2/4. Let n = x - -2. What is the greatest common divisor of n and 40?
5
Suppose 4*y + 2 + 6 = 4*w, 5*y + 4*w - 35 = 0. What is the highest common divisor of y and 1?
1
Suppose 4*q = r - 13, -r + 40 = q + 4*q. Suppose 2*o - 300 = -0*o. What is the greatest common divisor of o and r?
25
Suppose -3*g + 0*w = -3*w - 30, 0 = g + w - 4. Let y = -42 + 91. Calculate the highest common divisor of y and g.
7
Suppose -5*i = -12 - 23. What is the greatest common factor of i and 21?
7
Let p be (3/((-30)/8))/(30/(-225)). What is the greatest common factor of p and 2?
2
Let m(y) = 3*y + 2*y + 4*y**2 + y**3 + 2 - 6*y. Suppose -4*t = -8*t - 16. Let v be m(t). Calculate the greatest common divisor of v and 3.
3
Let b(h) = -h**3 + 5*h**2 + h. Let d be b(5). Suppose d*s - s - 28 = 0. What is the highest common divisor of s and 35?
7
Let o = 311 - 181. Suppose -4*r + 5*u = -140, 3*r = -2*r - 5*u + o. What is the greatest common divisor of 6 and r?
6
Let g(j) = 5*j**2 + 3*j - 2. Let p be g(-4). Let a be 3/(12/724) + -3. Let d = a - p. What is the greatest common factor of d and 16?
16
Let f(o) = 5*o + 1. Let z = -2 + 3. Let i be f(z). What is the highest common divisor of 18 and i?
6
Suppose 11 = 3*t - 37. Suppose -2*x - 2*v = -7*v - 24, -3*x = -5*v - 26. Suppose 30 + x = z. Calculate the highest common factor of z and t.
16
Let i(p) = -p**3 + 80. Let n be i(0). What is the highest common factor of n and 32?
16
Let t = -4 - -4. Suppose 5*a + 2*o + 9 = -t*o, -a = 5*o + 11. Let k be (2/(-5))/(a/45). Calculate the greatest common divisor of k and 2.
2
Let p(l) = -l + 13. Suppose 4*v = -v + 50. Let i be p(v). Suppose -i*a = -3*b + 114, 3*a = 3*b - a - 117. Calculate the greatest common divisor of 7 and b.
7
Let w(o) = 21*o - 1. Let j be w(1). Suppose 111 - 21 = 3*s. What is the highest common factor of s and j?
10
Let l be (-2)/(-7) + (-1750)/(-49). Suppose -3*y - y - 3*b = -19, b - 13 = -3*y. What is the highest common divisor of y and l?
4
Let j = -5 + 11. What is the greatest common factor of j and 30?
6
Let g = 128 + -65. Suppose -12 = -y - 2*y. Suppose -o - 6 + y = 0, -11 = -x + o. Calculate the greatest common divisor of g and x.
9
Suppose -4*z + 499 = -5*w, 0*w = -5*z + w + 608. Calculate the greatest common factor of z and 11.
11
Let c(u) = -2*u + 17. Let t be c(7). Calculate the greatest common factor of t and 3.
3
Let u be 273/18 - (-3)/(-18). Calculate the highest common divisor of u and 165.
15
Let u = 66 - 10. What is the greatest common factor of u and 7?
7
Let l be 189/14 + 3/(-2). Calculate the greatest common factor of l and 60.
12
Suppose -2*v + 5 = -7. Suppose 2*g - 23 = -o + 4*o, -2*o - v = 0. What is the highest common factor of g and 35?
7
Let c = 2 - 10. Let v be c*1*3/(-6). Let m(r) = 2*r**2 + 7*r + 1. Let n be m(-5). Calculate the greatest common factor of v and n.
4
Let z = 13 - 8. Let s = -75 - -115. What is the highest common factor of s and z?
5
Let w(f) = 17*f**3 + 1. Let c be w(1). Let o = 66 - c. Suppose -o = k - 5*k. Calculate the highest common divisor of k and 60.
12
Suppose -4*r + 3*r = -36. Calculate the greatest common divisor of r and 18.
18
Let s(d) = 6*d**3 - d**2 + 1. Let h be s(1). Suppose -4*w + 4*y + 32 = 0, -5*y + 2*y = w - 24. Calculate the greatest common factor of h and w.
6
Let f be (-2)/(-1)*(-2 + 5). Let b be -60*(f/3)/(-4). Calculate the greatest common divisor of b and 45.
15
Let n = 50 + -47. Calculate the greatest common divisor of 30 and n.
3
Let n(r) = -r**2 - 10*r - 7. Let m be n(-9). Suppose -w + 1 = m. Let x be w/((-2)/20)*1. What is the greatest common factor of 90 and x?
10
Let z be ((-1)/(-3))/(8/408). What is the highest common factor of 17 and z?
17
Let h(j) be the second derivative of 0 - 4/3*j**3 - 3*j + 3*j**2 + 1/6*j**4. Let v be h(5). What is the highest common factor of 8 and v?
8
Let d = -1 - 1. Let q be 3/(-18)*d*57. What is the highest common divisor of 76 and q?
19
Let p = 17 - 10. Suppose -6*k = -b - 3*k - 11, -b = -2*k + p. What is the greatest common divisor of 7 and b?
1
Let r = 4 + -3. Let t(c) = r - 1 - 27*c - 2. Let o be t(-2). Calculate the greatest common factor of 13 and o.
13
Suppose -5*u + 110 = 5*u. What is the greatest common divisor of u and 22?
11
Suppose -2*t = 4*o - 6 + 4, t - 7 = 4*o. Let h be (-7)/(o + (-100)/(-104)). Calculate the highest common divisor of h and 26.
26
Suppose 1 + 2 = -h, 5*k = -3*h + 6. What is the greatest common divisor of k and 21?
3
Let u(i) = -21*i + 11*i + 8 - 4. Let t(v) = -v**2 - 3*v - 1. Let o be t(-4). Let n be u(o). What is the highest common factor of 6 and n?
6
Let y(q) = q**3 - 9*q**2 + 8*q + 9. Let j be y(8). Calculate the greatest common divisor of j and 9.
9
Let j = 39 - 28. Suppose -s - 3*s + 28 = 4*r, 0 = 4*r - s - 3. Suppose 5*x - 379 = -r*n, -3*n = x + n - 65. Calculate the highest common factor of x and j.
11
Let o be -5*7/(105/(-264)). What is the greatest common factor of o and 8?
8
Let g = 0 - -7. Let v = -4 - -39. What is the greatest common factor of g and v?
7
Suppose 4*g - c - 116 = -2*c, 3*g + 5*c - 70 = 0. Calculate the greatest common factor of g and 12.
6
Let z = 271 - 159. Calculate the highest common factor of 14 and z.
14
Let i(o) = o**3 + 14*o**2 + 7*o - 27. Let c be i(-13). What is the greatest common divisor of c and 17?
17
Suppose -9 = -3*x - 3*z, -5*z = x - 14 + 3. What is the greatest common divisor of x and 2?
1
Let m be -1 - (8*-1 - 2). Calculate the highest common factor of 36 and m.
9
Let r = 413 + -209. Suppose 5*s + 4*a = -0*a + r, s - 5*a - 64